uppose 0*h + 95 = g*h. List the prime factors of h.
19
Let v = -44 + 64. List the prime factors of v.
2, 5
Let y(o) = 8*o**2 - 2*o + 1. Let m be (-6)/(-18) - (-4)/6. Let t = m - 0. List the prime factors of y(t).
7
Let g be -1*(-2 - (-3)/3). Let l = 1 + g. What are the prime factors of (-83)/(-6) + l/12?
2, 7
What are the prime factors of (8/4)/2 - -36?
37
Let k = 14 + -8. Let q(p) = 5*p**2 - 10*p - 3. Let u(i) = -14*i**2 + 29*i + 9. Let v(t) = 11*q(t) + 4*u(t). What are the prime factors of v(k)?
3
Suppose -3*a + 2*u = -37, -5*a + 0*u = -u - 71. Suppose -p = -7 - a. List the prime factors of p.
2, 11
Let p(d) = 15*d - 73. List the prime factors of p(25).
2, 151
Suppose 3*c - 164 = -2*b, b = -c - 3*c + 222. What are the prime factors of c?
2, 7
Let r = -367 + 626. What are the prime factors of r?
7, 37
Let o = -3 - -4. Let g be (0 - o)/(2/(-232)). List the prime factors of (-4)/(-10) + g/10.
2, 3
Let x(y) = y**3 + 8*y**2 + 4*y. Suppose 5*a = 3*u + 11, -3*a + 3 = -u + 2. What are the prime factors of x(u)?
3, 7
Let w = 8 + -5. Suppose f + 11 = -0*f + 4*r, -w*r = -6. What are the prime factors of 1*(-1 - 8)/f?
3
Suppose -9*n + 1576 = 613. What are the prime factors of n?
107
Let l = -8 + 44. List the prime factors of l.
2, 3
Let u(v) = v**3 - 7*v**2 - 13*v - 4. List the prime factors of u(9).
41
Suppose 3*h + 216 = 6*h. What are the prime factors of h?
2, 3
Let q be (2*-1)/((-4)/6). Let h be 7 - 8 - (-1 - 3). Let w = h + q. What are the prime factors of w?
2, 3
Let s(m) = 56*m + 1. Suppose -3*c + 2*c - 7 = -4*r, 5 = -c + 3*r. Let o be s(c). What are the prime factors of 4/6 - o/(-9)?
7
Let q = 15 + -7. Suppose -2*t = -q, 3*s = 3*t - 5*t + 233. Suppose 0 = 8*j - 3*j - s. List the prime factors of j.
3, 5
Let t = 28 + 5. What are the prime factors of t?
3, 11
Let n(z) = 5*z**2 + 0 + z**3 - 2 + 0*z + 2*z. Let y be 3*-4*(-3)/(-9). List the prime factors of n(y).
2, 3
Suppose -k - 5*z + 62 = 0, 0 = 2*k - 5*z - 64 + 15. List the prime factors of k.
37
Suppose 0*n = -2*n + 6. Suppose 24 = n*y - x, 4*x + 8 = -5*y + 65. List the prime factors of y.
3
Let q be (12 - 4) + 1 + -3. Suppose 2*o = -4*h + q + 38, 2*h = o - 18. What are the prime factors of o?
2, 5
Let y(f) = f. Let q(j) = -7*j - 6. Let m(i) = q(i) + 2*y(i). What are the prime factors of m(-4)?
2, 7
Suppose -2*m = -7*m + 10. List the prime factors of (-1)/m*10/(-1).
5
Suppose 26*l - 23*l - 663 = 0. List the prime factors of l.
13, 17
Let s = 15 + -10. Suppose -5*x + 160 = -5*r, -3*r - 65 - 89 = -s*x. What are the prime factors of x?
29
Let n(t) = 2*t - 8. List the prime factors of n(16).
2, 3
Suppose -x - 4*x = -200. Suppose 3*q - x = 2*q. List the prime factors of q.
2, 5
Let w be 2 - (2 + -3 - -3). Let i(p) be the first derivative of -p**4/4 + p**3/3 - p**2/2 + 2*p - 1. List the prime factors of i(w).
2
Let u(p) = 2*p**3 - 3*p**2 - 2*p + 3. Let r be u(3). Suppose -r = -3*x + 33. Let c = -5 + x. What are the prime factors of c?
2, 7
Suppose 5*r + 12 = -4*d + 61, 4*d = -4*r + 40. List the prime factors of (r/(-6))/(6/(-40)).
2, 5
Suppose 2*f - 3*o = 28, 2*f + 24 = 3*f - 4*o. List the prime factors of f.
2
Let h(m) = -10*m - 17. Let g be h(-11). Suppose -107 = -3*r - 2*t + 3*t, 5*t + g = 2*r. List the prime factors of r.
2, 17
Suppose -3*t - 9 = 0, 93 + 97 = 5*w - 5*t. What are the prime factors of w?
5, 7
Suppose -51*y + 50*y + 166 = 0. What are the prime factors of y?
2, 83
Let h = 2 + 1. Suppose -5*f + 14 = -h*f. Suppose c - 15 = f. List the prime factors of c.
2, 11
Let n(r) = r**3 - 10*r**2 - 11*r + 6. Let k be n(11). What are the prime factors of 147/12 - k/(-8)?
13
Suppose 2*r = -a + 29, 0*a = -a - 4*r + 39. Suppose -3*b = o - 5, 3*b = 2*b + 4*o + a. Suppose 8*q = b*q + 35. What are the prime factors of q?
7
Let c be (9 - 3)*(-4)/(-3). Suppose b - c = 26. List the prime factors of b.
2, 17
Suppose 3*v + 77 = 3*m - 169, v = -2*m + 152. What are the prime factors of m?
2, 3, 13
Let n = -27 + 41. What are the prime factors of n?
2, 7
Let i = -113 - -206. List the prime factors of i.
3, 31
Suppose 77 = 5*u - 328. List the prime factors of u.
3
Suppose 3*t + 2*z - 6 = 0, -5*z - 1 - 9 = -5*t. Suppose x = -2*w + 3, w - 33 = t*x - 7*x. List the prime factors of x.
7
What are the prime factors of 3/9*(-60)/(-4)?
5
Let m be (4/(-12))/(1/(-6)). Let k(d) = d**2 - d - 1. Let z be k(m). What are the prime factors of 6*(z + -2 - -3)?
2, 3
Let l = 3 - -2. Suppose 2*b - 36 = -4*n + 26, -b + 46 = l*n. List the prime factors of b.
3, 7
Let u = -195 - -338. What are the prime factors of u?
11, 13
What are the prime factors of ((-5)/(-2))/(2/4)?
5
Let b(j) = j**2 - j + 1. Suppose 0 = -3*i + 7*i + 8. Let y(r) = r**3 - 3*r**2 - 8*r + 11. Let g(c) = i*b(c) + y(c). List the prime factors of g(6).
3
Suppose 2 = -2*w - i + 6*i, 5*w + 4*i - 61 = 0. What are the prime factors of ((-150)/w)/((-2)/6)?
2, 5
Suppose -2*a + a - 4 = 0. Let i = 0 + 17. Let f = a + i. What are the prime factors of f?
13
Suppose -10*l + 27 = -973. List the prime factors of l.
2, 5
Let n = 2 + 2. Let t = -1 - n. Let s = t + 8. List the prime factors of s.
3
Let q be -2*3/(12/(-14)). Suppose 4*v = f + 23, -2*v = -q*v + 2*f + 25. What are the prime factors of v?
7
Let u(a) = -a**2 + 3. What are the prime factors of u(0)?
3
Suppose 16*q + 76 = 18*q. What are the prime factors of q?
2, 19
Let m = -3 + 5. Suppose -2*r = j + m, 4*r + 0 + 2 = -3*j. List the prime factors of (-20)/j*(-7)/14.
5
Let n be (-26)/(-8) + 2/(-8). Let s be 62/10 - n/15. Suppose -4*f + s = -18. What are the prime factors of f?
2, 3
Suppose -2*u + 66 = 4. What are the prime factors of u?
31
Let h(u) = -15*u**3 + 1. Suppose -4*m - 2 = 2. Let b be h(m). What are the prime factors of ((-19)/(-4))/(4/b)?
19
Let h(u) = u**3 - 13*u**2 + 11*u + 14. List the prime factors of h(12).
2
Let u(s) be the third derivative of -s**4/12 - s**3/6 - 4*s**2. List the prime factors of u(-9).
17
Let d(g) be the third derivative of -g**7/5040 + g**6/120 + g**5/60 - g**2. Let t(w) be the third derivative of d(w). What are the prime factors of t(4)?
2
Suppose -i + 13 + 44 = 0. List the prime factors of i.
3, 19
Suppose -3*m = 4*l - 52, -2*l - m = -43 + 15. What are the prime factors of l?
2
Let c = 7 - 10. Let o = c - -7. What are the prime factors of o?
2
Let u = -39 - -75. What are the prime factors of u?
2, 3
Suppose 0 = 4*o + 2*h + 88, 3*o - 5*h + 2 = -38. Suppose 2*d = n - 69, d - 3*n - 2*n = -21. Let f = o - d. List the prime factors of f.
2
Let z(n) = 2*n**3 + n**2 - 5*n + 2. Let h be 1/(10/(-4) + 3). List the prime factors of z(h).
2, 3
Let d = -7 - -8. Let f(j) = 30*j**3 - j**2 + j. List the prime factors of f(d).
2, 3, 5
Let y = -2 - -5. Let o be ((-37)/2)/(4/(-8)). Suppose -4*t = y*p - 15, -5*p + 3*t = -17 - o. List the prime factors of p.
3
Let n be (1/3)/((-2)/6). Let h be 0/n - -2 - -1. Suppose -h*p + 27 = -0. List the prime factors of p.
3
What are the prime factors of 1/(42/2874) + 8/14?
3, 23
Let a(k) = -4*k**2 - k + 1. Let d be a(3). Let f = d - -72. List the prime factors of f.
2, 17
Suppose -v + 1 = -2. Suppose y = -v - 3. What are the prime factors of 2/3 + (-92)/y?
2
Suppose 7*u = 6*u. Suppose -2*z + 24 = -q, q = 3*z - u*z - 37. What are the prime factors of z?
13
Suppose -4*b - 5*r + 191 = -b, 0 = -4*b - 2*r + 278. List the prime factors of b.
2, 3
Suppose -2*z + 5*m - 5 = 0, -4*z + 17 = -3*z + 4*m. Suppose z*f = 2*f. Suppose f*y - 4*y = -48. List the prime factors of y.
2, 3
Suppose 305 = 4*f + 3*w, -f = -6*f + 2*w + 387. List the prime factors of f.
7, 11
Let n = 112 + -58. List the prime factors of n.
2, 3
Let u = 119 - 71. Let z = u - 28. What are the prime factors of ((-6)/4)/((-6)/z)?
5
Suppose 0 = 5*l - 10, -x + 1 + 5 = -3*l. Suppose a = -5*m + 44, -2*m - 2*m + x = 0. List the prime factors of a.
29
Let p = 0 - -3. Suppose -p*b - 2*b = -110. What are the prime factors of b?
2, 11
Let c = 180 - 68. List the prime factors of c.
2, 7
Let d = 46 - 10. Let x = d + -13. List the prime factors of x.
23
Let r be (-144)/15 - (-2)/(-5). Let f = r + 18. List the prime factors of f.
2
Let g = -5 - -8. Suppose g*m - 3*n - 1 = 2, -m = -3*n + 5. Suppose -10 = -m*d + 3*d. What are the prime factors of d?
2, 5
Suppose -2*q + 66 = 2*b, -148 = -0*q - 4*q + 4*b. Let f = 49 - q. What are t